+ 308, -y - 4 = 0. What is the remainder when h is divided by 28?
25
Let f(c) = 2*c**3 - 3*c**2 - 6*c + 7. What is the remainder when 45 is divided by f(3)?
13
Let r(c) = -c**2 - 8*c - 3. Let z be r(-7). Suppose -2*s - 18 = -z*s. Suppose -s = -g + t, -5*g + 0*t + 29 = -t. What is the remainder when g is divided by 4?
1
Let g(a) = 2*a**2 - a - 1. Calculate the remainder when g(5) is divided by 17.
10
Suppose 4*v + 7 - 39 = 0. Calculate the remainder when 62 is divided by v.
6
Let m = 92 + -79. Calculate the remainder when 116 is divided by m.
12
Suppose 125 = c + 6*g - 2*g, -2*c - 5*g = -244. What is the remainder when c is divided by 20?
17
Suppose 28 = o + 3*o - 3*c, -2*c - 2 = -o. Calculate the remainder when 49 is divided by o.
9
Let w(t) = -t**2 + 8*t - 5. Suppose -u + 4 = 2*b - 0, 4*u + 3*b - 16 = 0. Calculate the remainder when w(u) is divided by 4.
3
Let q be (-2)/(-1 - 0/(-2)). Suppose 0 = -6*b + b + 4*d + 27, 5*d + 4 = q*b. Let i = 35 - 22. Calculate the remainder when i is divided by b.
6
Let l = 6 + -1. Suppose 5*x + 4*o - 197 = 0, 4*x + l*o - 163 = -0*o. Let c = -31 + 44. Calculate the remainder when x is divided by c.
11
Suppose 0 = -4*x - 2*y + 3*y + 77, 5*x + 2*y = 106. Calculate the remainder when 79 is divided by x.
19
Let y be ((-28)/(-35))/((-4)/(-110)). Suppose -y + 4 = -3*a. Let s(t) = t**3 - 7*t**2 - 6*t + 6. What is the remainder when s(8) is divided by a?
4
Let j = 2 - -31. What is the remainder when 127 is divided by j?
28
Suppose 0 = 3*x - x - 14. Suppose 9 = -3*s - 3. Let j = x + s. What is the remainder when 5 is divided by j?
2
Let c = 8 + -3. Suppose w + 8 = 3*i + 19, -13 = w + 5*i. What is the remainder when c is divided by w?
1
Let k(s) = -s**3 + 6*s**2 - 4*s - 8. Let d(f) = -2*f + 4. What is the remainder when d(-5) is divided by k(4)?
6
Calculate the remainder when (-634)/(-18) + (-2)/9 is divided by 18.
17
Suppose 4*q - 5*p = 60, 5*p - 15 = -q + p. What is the remainder when 89 is divided by q?
14
Let f = 128 - 65. What is the remainder when f is divided by 11?
8
Suppose 5*c - c - 240 = -4*l, -2*l + 4*c + 132 = 0. Suppose 2*q - 5*q = -63. Suppose q = 2*s - s. Calculate the remainder when l is divided by s.
20
Let v be 6 + (-3 - -2) + -1. Suppose -v*q - 4 = -20. What is the remainder when 15 is divided by q?
3
Let b(t) = t**3 + 7*t**2 - 9*t - 4. Calculate the remainder when 57 is divided by b(-8).
1
Let p(v) = -v**3 - 7*v**2 - 7*v - 2. Let c be p(-6). Suppose -3*t = -2*b + c*b - 25, 2*b + 5*t = 23. Calculate the remainder when 39 is divided by b.
11
Let u(f) = f**3 + 3*f**2 - 4*f - 3. Let h = -29 + 63. What is the remainder when h is divided by u(-2)?
7
Suppose -14 = -4*f + 10. Suppose 2*k = -3 - 1. What is the remainder when -4*k/(-8)*-23 is divided by f?
5
Suppose -4*i + 3*v + v = -8, -10 = -2*i + 5*v. Suppose 5*m + i*m = 20. Calculate the remainder when -10*(-3 - -2*1) is divided by m.
2
Suppose 0*j = -2*d - j + 44, -3*j = -2*d + 44. What is the remainder when d is divided by 5?
2
Let y(z) = -z**3 + z**2 + 21. Suppose t = 2*t. Let p be y(t). Let w = p + -8. Calculate the remainder when w is divided by 5.
3
Suppose -3*q + 5*q - 26 = 0. Let c = -97 + 148. Calculate the remainder when c + -2 + -1 - -1 is divided by q.
10
Suppose -3*r - 5*j = 2*r - 30, 3*r - 15 = -2*j. What is the remainder when 10 is divided by r?
1
Calculate the remainder when (-5 - -2)*(-56)/6 is divided by 15.
13
Suppose 46 = 2*v + 4. Let m be 4/14 + (-153)/v. What is the remainder when 5 is divided by (-16)/m - (-4)/(-14)?
1
Suppose -q - 65 = -6*q. What is the remainder when 38 is divided by q?
12
Suppose -3*s + 47 + 13 = 0. Let x(y) = -2*y - 6. Let u be x(-5). Suppose u*t = 3*t + 11. Calculate the remainder when s is divided by t.
9
Let n be (-1)/4 + (-186)/24. Let b = n - -23. What is the remainder when b is divided by 8?
7
Suppose -l - 3*l + 40 = 0. Suppose -12*j = -l*j - 38. Calculate the remainder when 74 is divided by j.
17
Let l(m) = -2*m + 4. Let c = -15 - -10. Calculate the remainder when (1 - -1)*82/4 is divided by l(c).
13
Suppose 5*o = 8*o + 12. What is the remainder when 9 is divided by -2 + o/(4/(-5))?
0
Suppose -3*p = -18 - 0. What is the remainder when 2 - (-20)/(-4) - -18 is divided by p?
3
Let r(g) = -2*g - 29. Calculate the remainder when 74 is divided by r(-20).
8
Suppose -29 + 4 = -5*c. Suppose -5*k + 24 = -3*q, -c*k = -2*q - 11 - 10. What is the remainder when k is divided by 3?
0
Let t = -16 + 40. What is the remainder when 95 is divided by t?
23
What is the remainder when 47 is divided by (7/1 - 4) + 22?
22
Let c(m) = m**2 + 15*m + 23. Calculate the remainder when 88 is divided by c(-15).
19
Let t(v) = -2*v - 5. Let u be t(-4). Let z(o) = -o + 4. What is the remainder when z(-9) is divided by ((-1)/u)/((-1)/15)?
3
Suppose -2*q = -b - 3*q + 8, -3*b + 45 = -4*q. Let z(t) = 2*t**2 - 5*t + 3. What is the remainder when b is divided by z(3)?
5
Suppose 38 = 2*d - p - p, 0 = -3*d + 4*p + 56. Let x = -16 + 29. What is the remainder when (d/15)/((-2)/(-57)) is divided by x?
12
Let q = 11 - 0. Let l be (-6)/(-21) + (-654)/(-14). Let p = 79 - l. Calculate the remainder when p is divided by q.
10
Calculate the remainder when 59/5 - (-8)/(-10) is divided by 2.
1
Suppose -7 = -4*y + 9. What is the remainder when 23 is divided by y?
3
Suppose 0*n - 3*n = -5*a - 140, 3*n + 3*a = 108. Calculate the remainder when n is divided by 14.
12
Let x = 4 - -44. Calculate the remainder when x is divided by 10.
8
Let q = 109 + -66. What is the remainder when 127 is divided by q?
41
Suppose 3*t - 9 = -o - 3*o, -5*t = -3*o + 43. Calculate the remainder when (21/(-2))/(o/(-8)) is divided by 11/44 - (0 + 19/(-4)).
4
Let j(n) = -n**2 - 12*n + 12. What is the remainder when 45 is divided by j(-12)?
9
Let d(z) = z**2 - 3*z - 12. Let a be d(-11). Suppose -a = -2*r - 5*m, -2*m - 284 = -4*r + m. What is the remainder when r is divided by 36?
35
Let y(s) = -2*s - 3. Let i = 0 + 0. Let u = i + -5. Calculate the remainder when y(u) is divided by 3.
1
Suppose 0 = -v + g + 14, -3*v + 5*g + 28 + 4 = 0. Calculate the remainder when 127 is divided by v.
13
Suppose 0*f + 5*f - 105 = 0. Calculate the remainder when f is divided by 11.
10
Suppose -r + 29 = -0*r - 5*a, -3*r + 3*a = -99. Calculate the remainder when r is divided by 9.
7
Let d(o) = -o + 14. Let m(k) = 4*k + 1. Let a be m(-2). Let s(v) = -2*v. What is the remainder when s(a) is divided by d(6)?
6
Let c = -48 + 94. Suppose 8*p = p + 168. Calculate the remainder when c is divided by p.
22
Let i(z) = z**2 + 2*z - 2. Calculate the remainder when i(5) is divided by (-2)/(15/306 + 2/(-12)).
16
Suppose 7 + 30 = w. Let f = w + -26. What is the remainder when 32 is divided by f?
10
Let n = 43 + -36. What is the remainder when 40 is divided by n?
5
Suppose 0 = -3*j + 2 + 10. Let b = -17 + 10. Let g(o) = -o + 3. What is the remainder when g(b) is divided by j?
2
Let p(r) = 2*r**2 + 6*r - 3. Let a be -3 - 1/(2/(-8)). Let k = a + -6. What is the remainder when 65 is divided by p(k)?
14
Suppose 3*m - 60 = -0*m. Suppose -4*b = -0*b - m. Calculate the remainder when 18 is divided by b.
3
Suppose -4*i - 3*s - 3 = -4, -s = 5. What is the remainder when 13 is divided by i?
1
Let n(v) be the first derivative of -2*v**2 + 2*v - 1. Let s(d) = -2*d - 3. Let l be s(0). Calculate the remainder when 26 is divided by n(l).
12
Suppose -5*j - 16 = 5*f - 41, 2*f = -5*j + 13. Let m = 19 - 17. Calculate the remainder when f is divided by m.
0
Suppose 8*q = 5*q - 234. Calculate the remainder when 4/((-8)/q)*1 is divided by 20.
19
Suppose 2*v - 3 + 1 = 0. What is the remainder when 40 is divided by ((-13)/v - -2)*-1?
7
Let x(s) = s. Let u be x(5). Let n = u - 1. Suppose 0*r - 4*r + 42 = -2*c, -n*c = -12. What is the remainder when 45 is divided by r?
9
Let c(o) be the second derivative of -o**5/20 - o**4/2 + 11*o**3/6 - 3*o**2 + 3*o. Calculate the remainder when c(-8) is divided by 18.
16
What is the remainder when 42 is divided by (-3 + -3)/(6/(-22))?
20
Suppose 7 + 5 = 2*u. Let h = u - 4. Suppose -32 = h*g - 3*g + 5*b, -33 = -4*g + b. What is the remainder when 25 is divided by g?
4
Suppose -5*d = -17 - 18. Suppose 2*f - d = 9. What is the remainder when f is divided by 3?
2
Let q = 4 - 5. What is the remainder when 11 + q/(1 +